 + u**2 - 2. Suppose 9 = -3*f + 6*f. What is the units digit of h(f)?
3
Let b be (-12)/8*-1*-8. Let w = 32 + b. What is the units digit of w?
0
Suppose 0 = -5*c + 4*c. Let t = 3 + c. Suppose -13 = -t*o - 3*k + 29, -3*k = -o + 6. What is the tens digit of o?
1
What is the tens digit of (-7)/(-35) + 2408/10 + -1?
4
Suppose -2*x + 5*p - 18 = 0, -2*p - 19 = -3*x - 6*p. Let s(c) = -c + 6. Let a be s(6). Let d = x - a. What is the units digit of d?
1
Suppose -14*o = -1410 - 2076. What is the units digit of o?
9
Let z(i) = -100*i + 10. What is the tens digit of z(-2)?
1
Let t be 1*39 + 11 + -8. Suppose 0 = -5*g + t + 78. What is the tens digit of g?
2
What is the units digit of (-9)/(-3) + -2 + 18?
9
Let x(c) = -3*c + 1. Let y(p) = -10*p + 3. Let d(t) = -7*x(t) + 2*y(t). What is the units digit of d(5)?
4
Let q = 6 - 3. Let m(l) = 0 + q - 5 + l**2. What is the units digit of m(-3)?
7
Suppose -x + 145 = 4*x. What is the tens digit of x?
2
Let x = -4 + 1. Let d(m) = m**3 - m**2 - 3*m - 2. Let b(n) = -2*n**3 + 3*n + 3. Let y(v) = 2*b(v) + 3*d(v). What is the units digit of y(x)?
9
Let s(d) = -8*d + 18 + 4*d**2 - 8 + 5*d**2 - d**3 - 2*d. What is the tens digit of s(7)?
3
Let i(q) = -41*q**3 - 2*q**2 + 1. Let g be i(1). Let b = -23 - g. What is the tens digit of b?
1
Let a(q) = -q**2 - 6*q - 6. Let p be a(-4). Suppose 2*w - 16 = o - 2, p*o - 2*w = -24. What is the units digit of (-4)/6*(o - -1)?
6
Let k(r) = -r**2 + 9*r - 10. Let u be k(7). Let a = 10 - u. What is the units digit of a?
6
Let a be -1*(3 + (-1)/1). Let l = 4 - a. Suppose l = 2*i + i. What is the units digit of i?
2
Suppose -3*f - 2*f - n + 44 = 0, 8 = -f + 4*n. Suppose -3*w - f = -5*w. What is the units digit of w?
4
Suppose -3*y - 5*s = 58, -s - 49 = 3*y + y. Let r = -2 - y. Let a = -5 + r. What is the units digit of a?
4
Suppose -3*g - 1 = -0*z + 2*z, -g = -4*z + 33. Let r be 1*z - (-5 + 2). Suppose -2*m = r - 34. What is the tens digit of m?
1
Suppose -5*u + 41 = 11. Let i(x) = 0*x**2 + 5*x**3 - 6*x**2 - 4*x**3 - 6 + 3*x. What is the units digit of i(u)?
2
Let k = 3 - 1. Suppose 0 = -2*l - i + 18, -k*l + 5*i + 10 = 4*i. What is the units digit of l?
7
Let c = 13 + -13. Let a = 21 + c. What is the units digit of a?
1
Suppose 1121 = 5*w + 1. What is the units digit of w?
4
Let f = -66 - -144. What is the units digit of f?
8
Let u be 4 - (3 + -1) - -1. Suppose u*j + 33 = -0. Let r = j - -19. What is the units digit of r?
8
Let d(w) = -w**3 - 2*w**2 + 3*w - 1. Let c be d(-3). Let f be c + 0 + 3 + 35. Suppose 5*u - 3*u - f = -v, 4*v = -3*u + 68. What is the units digit of u?
6
Suppose 0 = 3*k + 213 - 39. Let w be 2/5 + k/(-5). Suppose w - 36 = -3*m. What is the units digit of m?
8
What is the hundreds digit of 174 - (3 + 0 + 1)?
1
Let n be (-3)/(-2)*(-1358)/(-21). Let o = n - 61. What is the units digit of o?
6
Suppose 5*h - 3*n = 20, 3*h - 5*n = 3 + 9. Suppose 44 = h*g + 3*f, 0 = -4*g + 2*g + 2*f + 8. What is the units digit of g?
8
Let d = 64 - -5. What is the units digit of d?
9
Let l be -4 + -4 - (-1 - 2). Let r be (-3)/(-12) + l/4. What is the units digit of 4 + (-2 - r) - -2?
5
Suppose 4*k - 20 = -0. Suppose 2 - 7 = -k*o. What is the units digit of o?
1
Suppose 2*l + 5 = 2*h - 7, -2*h + 5*l = -12. Let z = -2 + h. Suppose -z*v - v + d + 8 = 0, -2*v + 2*d = 0. What is the units digit of v?
2
Suppose -44 = -z - 4*w, -3*z + 3*w = -0*z - 132. What is the tens digit of z?
4
Let c = 32 - 16. Suppose 0*q + 4*q = c. Suppose 0 = q*x, -4*f + 2*x = -9*f + 35. What is the units digit of f?
7
Let z be 2/3*(-1659)/14. Let p = -31 - z. What is the tens digit of p?
4
Let z(f) = 2*f**2 - 5*f + 1. What is the tens digit of z(5)?
2
Let a(s) = -s**2 - 9. Let n be a(0). Let l be (2/6)/((-1)/n). Suppose 5*p - 15 = 5*c, -l*p + c + 4 = 3*c. What is the units digit of p?
2
Let g(m) be the first derivative of m**3/3 - 9*m**2/2 + 10*m - 1. Let x be g(8). Suppose 3*r = x*r + 3. What is the units digit of r?
3
Suppose 5*j - 33 = 2*o, -4*o - 23 + 2 = -j. Suppose -2*z - 3*i = 0, 0 = j*i - 8 + 28. What is the units digit of z?
6
Suppose -y - 2*a - 10 = 0, 5*y + 2*a = 2*y - 10. Let f(c) = -c**2 + 13*c - 7. Let k be f(12). Suppose y = h - k. What is the units digit of h?
5
Let s be ((-3)/(-3) + 0)*49. Suppose 0 = -2*u - 15 + s. What is the units digit of u?
7
Let j(k) = 39*k**2 + k - 1. Let g = 2 - 1. Let v be j(g). Suppose m - x - 12 = 0, v = 2*m + m - 2*x. What is the tens digit of m?
1
Let r(d) = -d**3 + 6*d**2 - 8*d + 7. Let h = 0 + 5. Let o be r(h). Let g = o - -13. What is the units digit of g?
5
Let o(h) = -h**3 - 8*h**2 + 14*h - 13. What is the tens digit of o(-12)?
9
Let b(r) = 3*r - 6. Let v be b(4). What is the tens digit of v*2 - (-5 - -4)?
1
Suppose -5*b + 5 = -3*i - i, 15 = 3*i. Suppose 3*s - 10 = -b*x - 0*x, 4 = s + x. What is the units digit of s?
5
Let o be 3*5 - (2 + -2). Let l = o + 3. What is the tens digit of l?
1
Let i be (-3)/(-1) + 4 + -2. Suppose -f = f + i*p - 33, 4*f - 45 = -3*p. What is the units digit of f?
9
Let h = -55 + 124. What is the tens digit of h?
6
Let a be (0 - 2)/((-1)/(-6)). What is the units digit of a/16 + (-15)/(-4)?
3
Let f = -2 - -2. Suppose 3*k - 2*x = 34, 2*k - 7*k + 58 = -4*x. What is the units digit of (k + f)*(-8)/(-20)?
4
Let g(y) = -y**2 + 7*y. Suppose -5*r - 4*s = -29, 4*r - s = 14 + 5. What is the units digit of g(r)?
0
Let i = -221 + 360. What is the tens digit of i?
3
Let q be (-3)/(-2) - (-6)/12. Let x = q + 3. Suppose -3*h + x = -10. What is the units digit of h?
5
Let w(m) be the second derivative of m**5/60 - m**3/2 - m**2 - 2*m. Let o(c) be the first derivative of w(c). What is the units digit of o(-3)?
6
Suppose -3*f - 17 = -4*z, 7 = -z - 0*z + 3*f. Suppose -t - 2 = -z. What is the units digit of t?
6
Suppose -4*j + k = 12, -3*j + k + 3 - 13 = 0. Let n = 1 - j. What is the units digit of n/6 + (-3)/(-2)?
2
Suppose 0 = -4*f + 9 - 21, -2*f - 24 = -p. Let x be ((-1)/3)/((-2)/p). Suppose j = 1 + x. What is the units digit of j?
4
Let p(i) = -2*i**2 - 3*i + 3. Let r be p(2). Let n = 16 + r. Let d = 15 - n. What is the tens digit of d?
1
Let s = 40 + -13. What is the tens digit of s?
2
Suppose 146 = 3*n - 28. What is the tens digit of n?
5
Suppose 2*z = 5*z - 411. What is the hundreds digit of z?
1
Suppose -5 = -t - 0. Suppose 6 = -t*v + 16. Suppose -v*p + 15 = 3*p. What is the units digit of p?
3
Suppose 2*j + 10 = 2*m, -5*j + 11 = 3*m - 2*m. Let t = m - 4. Suppose 0 = -t*y - 0*y + 8. What is the units digit of y?
4
Let x(r) = -r**3 + 10*r**2 + 2*r - 19. What is the tens digit of x(8)?
2
Let g = 3 - 4. Let x be 7*(1 + 0)*g. What is the units digit of x/(-9) - (-4)/18?
1
Suppose 0 = -12*s + 10*s + 8. Let r = s + -3. What is the units digit of r?
1
Suppose 20 = -4*b, -f + b + 15 = -14. What is the tens digit of f?
2
Suppose -w + 20 = -2*w. What is the units digit of (-128)/w - 2/5?
6
Suppose 0 = 4*y + 2*c + 25 - 3, -23 = 5*y + 4*c. Let t be -2*(-4 + 9/2). What is the units digit of -1 - 0 - (t + y)?
7
Let b(w) = 6*w + 2. Let i(y) = y - 8. Let t be i(11). What is the units digit of b(t)?
0
Suppose -2*b + 3*y + 14 = 0, 3*b - 5*y = b + 22. What is the units digit of -1 + (22 - b/(-1))?
2
Suppose 0 = -4*h - u - 0*u + 25, -2*h + 4*u = 10. Suppose 4*y = 5*w + 9 + 7, -h*y = 2*w - 53. What is the units digit of y?
9
Let n(t) = 7*t - 37. What is the tens digit of n(7)?
1
Let a = 20 - 14. Let c = 8 - a. Suppose -5 = c*r - 29. What is the units digit of r?
2
Let g(p) = 2*p - 7. Let d be g(6). Suppose 4*y + 7 = d*y. What is the units digit of y?
7
Suppose -8 = 2*w - g + 26, -2*w + 2*g - 32 = 0. Let h = 25 + w. What is the units digit of h?
7
Let d(m) = m - 2. Suppose -r - w = -6 - 1, 0 = -3*r + 2*w + 46. What is the tens digit of d(r)?
1
Let j(r) = 2*r**2 - 13*r + 13. What is the tens digit of j(8)?
3
What is the tens digit of 4/(-10)*-500*(1 - 0)?
0
Let y(k) = k**3 - 4*k**2 + 7*k - 1. What is the units digit of y(5)?
9
Let a be (-2 + (-4)/(-2))*-1. Suppose -p = -a*p - 25. Suppose 7 = -2*c + p. What is the units digit of c?
9
Suppose u - 14 = -1. Suppose u*z = 9*z + 40. Suppose -o = -2*o + z. What is the units digit of o?
0
Let s(b) = -15*b + 29. Let k(d) = -5*d + 10. Let o(y) = -17*k(y) + 6*s(y). What is the units digit of o(-3)?
9
Let i = -37 + 70. What is the tens digi